e -4*k - 6 - 10 = 0. Determine l(k).
-6
Let w(p) = p + 13. Suppose -7*c - 24 = -3*c. Determine w(c).
7
Let j be 1 + 76/8 + 2/(-4). Let f(z) = 2*z - 15. Determine f(j).
5
Let q be (-6)/(-24) + 1/(-4). Let k = 3 + q. Let g(m) = -2*m**2 + 3*m + 3. Determine g(k).
-6
Let w be 2 - (0 - 1)*-2. Let s = 0 - w. Let b(v) = 27 - 15 - v - 5. Give b(s).
7
Suppose -g - 2 = -10. Let j(a) = g - 2*a**2 - a + 0*a - 2 - 7. Give j(-1).
-2
Suppose a + 9 = -2*a. Suppose -6 = -3*z - 0. Let t(n) = -9*n + 7*n - 5*n**z + 4*n**2 - 2. Calculate t(a).
-5
Suppose 2*y - 5*k = -45, 0 = 5*y - 10*y + 3*k - 84. Let f = -10 - y. Let v(j) = -2*j**2 + 5 + 2513*j + j**2 - 2508*j. Determine v(f).
5
Let z(w) = 2 - 11 + 10 + 7*w. What is z(1)?
8
Let a(b) be the first derivative of b**2/2 + 9*b + 39. Give a(-4).
5
Let b be (-15)/(-21) + 6/21. Let k(q) = -3*q + 11*q - 15*q. What is k(b)?
-7
Suppose 5*x = 17 + 8. Let l(q) = -3*q + 4. Let v(j) = -7*j + 8. Let k(n) = 7*n - 8. Let g(b) = -4*k(b) - 5*v(b). Let s(f) = x*l(f) + 2*g(f). Give s(4).
0
Let t(x) = -x + 3. Let n be t(2). Let m(u) = -5 - 2*u + 3*u - n + 6*u**2 + u**3. What is m(-5)?
14
Let o(h) = -h - 2. Let r be o(0). Let u(v) = v**2 + 3*v + 1. Let p(i) = i**2 - 1. Let b(m) = r*p(m) + u(m). What is b(3)?
3
Let s(k) = k**3 - 5*k**2 + 5*k - 6. Let m be 12/30 - (-8)/5. Suppose -x + m = -0*x. Suppose -7 = -3*i + 5*z, 6*i = x*i - 5*z + 21. Determine s(i).
-2
Let y(m) be the third derivative of m**6/120 + m**5/12 + m**4/6 + 2*m**3/3 + 16*m**2. Let b = -12 + 8. Calculate y(b).
4
Suppose 0 = 4*r - 22 + 6. Suppose 0 = 2*v + 3*v. Let t(y) = -y + v*y + 2*y - r - 2*y. Calculate t(-4).
0
Let c(x) be the first derivative of -x**3/3 + x**2/2 + 4*x - 2. Let r(n) = -n**3 - 4*n**2 + 5*n - 3. Let t be 1/((-6)/(-10))*-3. Let v be r(t). Give c(v).
-8
Let i(u) = -u - 4. Let z(s) = -s + 1. Let b(m) = -i(m) - 3*z(m). Suppose -4*p + 23 = o, 12*o = 10*o - p + 11. Determine b(o).
13
Let v(f) = f - 6. Let g(m) = 1. Suppose -n + 18 = -4*n. Let k(d) = n*g(d) - v(d). Give k(1).
-1
Let o(a) = -a**3 - 2*a**2 + 2. Let p(w) = -2*w**2 - 2*w + 1. Let s be p(-2). Let g be 0 + 1 + s*1. Determine o(g).
2
Let w(r) = -2*r - 3*r**3 + 2*r**3 - 5*r - 4 - 6*r**2 + 3*r. Give w(-5).
-9
Suppose -4*b - 16 = 4. Let l(g) = -2*g**2 - 6*g - 2. Give l(b).
-22
Let s(m) = -4*m**2 - 9 + 6 - 2*m + 18*m**3 - 19*m**3. Give s(-2).
-7
Let p be (-4)/8 - 14/(-4). Suppose 0 = -5*t + p*t + 4. Let s(r) = r**2 + 3*r - 3. Determine s(t).
7
Let b(c) = 6*c**2 - 1. Let x = -8 - -7. Let q be -2 - (x + 0) - -2. Let p be b(q). Let d(w) = w - 6. Give d(p).
-1
Let i(b) = b + 5. Let f = 22 + 1. Let c = -19 + f. Give i(c).
9
Let v be ((-2)/4 - 0)*4. Let s(d) = -5 - 3*d**2 + 4*d**2 + 6. What is s(v)?
5
Let j(v) = v - 7. Let a be (6/3 - 3) + -11. Suppose 0 = 2*z + w + 54 - 21, -2*w - 49 = 3*z. Let r = a - z. Determine j(r).
-2
Let s(z) = 12*z**2 - 7*z + 1. Let n be s(1). Let v(x) = 7*x - x**2 + 1 + 3 + 1. Calculate v(n).
11
Suppose -3*b - 2*b + 10 = 0. Let h(l) = -l + l**b - 3*l + 2*l. Let n be (-4)/28 - 29/(-7). Give h(n).
8
Let j(d) = -d - 2. Let k be (4 - (-2 + -2)) + -4. Determine j(k).
-6
Let n(x) = -5*x**2 - 6*x - 16. Let d(q) = 6*q**2 + 6*q + 17. Let p(f) = -6*d(f) - 7*n(f). What is p(8)?
-6
Let b(a) be the third derivative of -a**5/60 - a**4/4 - a**3/3 - 2*a**2. Calculate b(-4).
6
Let b(s) = -4*s**2 + s**3 + 18 - 13 + 0*s**3 - 2*s. Calculate b(4).
-3
Let y(m) = -m**2 - 7*m - 7. Let k(u) = -17 + 2*u**3 + 7 - 6*u - 3*u**3 + 9*u**2. Let j be k(8). Let b be (-2)/j + 140/(-30). What is y(b)?
3
Let q be (-4 - -3)*(12 - 3). Let m(w) = -w**3 - 10*w**2 - 8*w + 13. Determine m(q).
4
Let b be 16/(-6)*12/(-8). Let n(o) = 2*o**2 + 3*o - b - 5*o - o**3 - 5*o**2. Give n(-3).
2
Let x(o) = -o + 2. Let z be (-2)/8 - (-119)/28. Give x(z).
-2
Suppose 2*c = 6 - 10. Let v(f) = -7*f**2 - 2 + 3*f + 0 + f**2 + f**3. Let n(z) = 2*z**3 - 7*z**2 + 4*z - 3. Let g(l) = 3*n(l) - 4*v(l). Give g(c).
-5
Let s(t) = 5*t. Let h be s(-1). Let o(d) = d - 3. Let y be o(6). Let p(z) = 1 - y*z - 6*z**2 - z**3 + 1 - 1. Determine p(h).
-9
Let v(a) be the third derivative of -a**6/120 + a**5/12 + a**4/8 - 2*a**3/3 - 2*a**2. Determine v(6).
-22
Let a(m) = 1 + 15*m - 42*m + 17*m. What is a(-1)?
11
Let u(b) = b**2 + b - 2. Let g be u(0). Let h(t) = -2*t**3 - 2*t**2 + 2*t + 3. Determine h(g).
7
Let v = 22 + -15. Let z(f) = 1 + 9*f**2 - 6*f - 5 + 2 - f**3 - f**2. Determine z(v).
5
Let g be (-4)/(-6) + 28/21. Let i(p) = p**2 - 3*p + 3. What is i(g)?
1
Let y = 0 + -4. Let j(u) = 5*u. Let d(i) = -3*i. Let g(f) = -8*d(f) - 5*j(f). What is g(y)?
4
Let z(r) = 5*r**3 - 2*r**2 + r. Let y = -6 + 8. Suppose 4*h - 4*d - 1 = 11, 5 = h - y*d. What is z(h)?
4
Let p(r) = r + 1. Suppose 3*w = -w + 8. Suppose 5*k - w*h = 3*k - 6, -2*k - 4*h = -12. What is p(k)?
1
Let d(o) = -o**3 + 2*o**2 + o - 1. Let z = 4 + -3. Let p = -3 + z. What is d(p)?
13
Suppose 4 - 8 = -2*s. Let y(o) = 2*o - o**s - 5*o + 2 + 0. Suppose 6 + 9 = -3*h. Give y(h).
-8
Let j(i) be the first derivative of i**5/60 + 7*i**4/24 - i**3/6 + 5*i**2/2 + 2. Let l(u) be the second derivative of j(u). Calculate l(-5).
-11
Let q(j) = -7*j**2 - 3*j - 2. Let p(s) = 6*s**2 + 2*s + 2. Let g(r) = 6*p(r) + 5*q(r). Determine g(4).
6
Let d(z) = -2*z + 7. Suppose 2*h + 29 = -h - k, 2*k = 5*h + 30. Let f(x) = -2*x - 9. Let p be f(h). What is d(p)?
-7
Let z be 8 + (3 - 4) + 1. Let k be (z - 1) + -2 + -1. Suppose 0*r = k*r + 12. Let t(j) = -j**3 - j**2 + 3*j - 2. What is t(r)?
7
Let h be (3/(-4))/((-1)/12). Let t be (-6)/h*(-3)/(-2). Let d(s) = -4*s. Determine d(t).
4
Suppose 39*j - 32*j = 49. Let m(r) = -2*r + 10. Determine m(j).
-4
Let n(f) = -f**3 - 15*f**2 - 15*f - 9. Suppose 3*j + 4*c = -58, j - 1 = 5*c + 5. Let b be n(j). Let s(i) = -i**2 + 5*i + 1. Calculate s(b).
1
Suppose 11 = 2*u - 15. Suppose 3*a = -5*f - u, 0 = -2*a - 0*a - 4*f - 12. Let q(l) be the first derivative of -l**2/2 + 9*l - 22. Calculate q(a).
5
Suppose 0 = -2*q - 3*q + 3*v + 29, 0 = -q - 2*v - 2. Let b be (q - 5)*-7*1. Let o(h) = -b + h + 5 + 3. Calculate o(5).
6
Let y(f) = 2*f**2 - 2*f - 2. Let b(v) = 10*v. Let k be b(2). Let d be (16/(-40))/((-1)/k). Let x = d - 6. What is y(x)?
2
Let j(d) be the second derivative of d**5/20 - 2*d**3/3 - 3*d**2/2 - d. What is j(-2)?
-3
Suppose 5*y - 5*x + 10 = 0, 3*x - 6 = -4*y + 2*y. Let h(r) be the second derivative of r**5/20 - 3*r**2 - r. Determine h(y).
-6
Suppose 3*o = 7 - 1. Let b(l) = 2*l - l + o*l - 2 - 5*l. Give b(-4).
6
Let b(d) = 2*d**2 + 7. Let n(w) = w - 1. Let y(j) = 3*j**2 - 7*j + 14. Let a(i) = -6*n(i) - y(i). Let l(v) = 3*a(v) + 4*b(v). Determine l(5).
-6
Let b(p) = p. Let l(f) = 3*f. Let t(i) = -2*b(i) + l(i). Let g be 1/(-5) - (-16)/5. What is t(g)?
3
Suppose -4*v = -3*v + 1. Let x be -5*v*(-4)/5. Let d(f) = -f**3 - 4*f**2 - 2*f - 4. Calculate d(x).
4
Let p(v) = 4*v - 1. Let a(r) = 12*r - 4. Let w(x) = -2*a(x) + 7*p(x). Let u(m) = -m. Let n(t) = -7*u(t) - 2*w(t). Give n(-4).
2
Let b(y) be the second derivative of -y**6/120 - 7*y**5/60 - 7*y**4/24 - y**3/2 + 5*y**2/2 + y. Let g(f) be the first derivative of b(f). What is g(-6)?
3
Let q(f) be the third derivative of -f**5/30 - f**4/24 - f**3/6 - 4*f**2. What is q(-1)?
-2
Let l(f) = -f**3 + 15*f**2 - 5*f + 15. Let i(z) = -2*z**3 + 31*z**2 - 11*z + 31. Let w(c) = -4*i(c) + 9*l(c). What is w(11)?
0
Let f(l) = -8 + 2*l - 2 - 1 - 3*l. Calculate f(0).
-11
Let l be 13/1 + 2/1. Let o be ((-4)/6)/(5/l). Let p(c) = c**3 + 2*c**2 + c + 1. What is p(o)?
-1
Suppose -2*s = 3*s + 25. Let b(f) be the third derivative of f**5/60 + 5*f**4/24 + f**3/3 + f**2. Determine b(s).
2
Let w(v) = v**3 + 8*v**2 + 9*v - 2. Let a be w(-7). Let q be -5*(a/10 - -2). Let c(x) = -x + 3. Let u(o) = -3. Let h(i) = 5*c(i) + 6*u(i). Give h(q).
7
Let f = -22 + 13. Let c(l) = l**2 + 8*l - 7. What is c(f)?
2
Let q(c) = c**3 + c**2 + c + 5. Let p be q(0). Let h(y) = y - 3. Let u(t) = t - 2. Let b(v) = -5*h(v) + 4*u(v). Calculate b(p).
2
Let z(m) = -m**3 - 3*m**2 + 5*m + 6. Let r be z(-4). Let f be (-1*(4 - r))/(-2). Let y(x) = -1 + 13*x**2 + 6*x - 6*x. Determine y(f).
12
Let c(a) = 7*a**2 + 8*a. Let j(m) = 4*m**2 + 4*m. Let x(w) = -3*c(w) + 5*j(w). Let n = 3 + -3. Suppose n = -2*d - 4 - 4. Give x(d).
0
Let s(c) = -5*c**2 - 7*c. Let f(k) = 14*k**2 + 20*k - 1. Let n(w) = -w - 1. Let q be